- -21472020?
21472017
In base 11, what is -5a + -122095?
-122144
In base 5, what is 10203233013 - 3?
10203233010
In base 7, what is 21355 - 1006045?
-654360
In base 7, what is -13625251 - 1?
-13625252
In base 6, what is -4453435 + 541?
-4452454
In base 4, what is -3131 + 3130303?
3121112
In base 11, what is 2 - 46792692?
-46792690
In base 2, what is 10110110100000101 + 1101010?
10110110101101111
In base 4, what is -2223133313231 + -3?
-2223133313300
In base 13, what is -1220 + 1485a?
1363a
In base 10, what is 437454 + -554?
436900
In base 4, what is 2130213 - -2323320?
11120133
In base 12, what is 36b6767 - -9?
36b6774
In base 3, what is -2211020 - 2222110?
-12210200
In base 13, what is -585 - -9754?
919c
In base 10, what is 470439 - 252?
470187
In base 10, what is -264 + 50528?
50264
In base 12, what is 1 - b56310?
-b5630b
In base 14, what is -180ba - -18?
-180a2
In base 10, what is 558904 + 390?
559294
In base 10, what is -19 + -16900023?
-16900042
In base 14, what is 4 - 52985c?
-529858
In base 8, what is -33 + -127350?
-127403
In base 2, what is -110101111101011 + -100011110?
-110110100001001
In base 14, what is 511147 + -1?
511146
In base 6, what is 2444 + -142025?
-135141
In base 5, what is 211 + 24223?
24434
In base 6, what is 122025 + 245?
122314
In base 8, what is -454022 + 17?
-454003
In base 14, what is -20d1 + -4b7?
-25a8
In base 14, what is a6131 + 7?
a6138
In base 6, what is -3 - 54142352243?
-54142352250
In base 16, what is -181e + db3?
-a6b
In base 10, what is -854 + -2186?
-3040
In base 6, what is -1022104 - -13023?
-1005041
In base 3, what is -110210010102011 + -22?
-110210010102110
In base 16, what is 97d6 - 170?
9666
In base 6, what is 1341212210 - -1?
1341212211
In base 11, what is 9a661 - -156?
9a807
In base 13, what is -7a46c90 + 5?
-7a46c88
In base 5, what is -3433 + -12144142?
-12203130
In base 5, what is 2 + 3144333?
3144340
In base 11, what is -1a29610 - a?
-1a2961a
In base 14, what is 19 + 40592?
405ab
In base 13, what is -3ccb5829 + -4?
-3ccb5830
In base 12, what is -79 + 11a25?
11968
In base 12, what is -11b7 - 49b84?
-4b17b
In base 15, what is -1c3c16 - -9?
-1c3c0c
In base 16, what is -24 + 2f046c?
2f0448
In base 2, what is -110111110011100011 - 10010?
-110111110011110101
In base 4, what is 1320210222 - -2233?
1320213121
In base 5, what is 3 + -1023042?
-1023034
In base 13, what is 2 + -78a264?
-78a262
In base 15, what is -16d10d + -a?
-16d118
In base 7, what is 110 - 1156534?
-1156424
In base 13, what is 12cc67c8 - 0?
12cc67c8
In base 16, what is -1 - 369e919?
-369e91a
In base 6, what is 141321310 - 13?
141321253
In base 10, what is -590 + -46157?
-46747
In base 13, what is -308b10 - b?
-308b1b
In base 11, what is 60913 - -5?
60918
In base 13, what is -a492515 + -2?
-a492517
In base 16, what is -2 + 976c49?
976c47
In base 15, what is 2 + -2275d99?
-2275d97
In base 15, what is -b51 + 8b59?
8008
In base 11, what is 23a316 + -758?
239669
In base 10, what is 8562 - -1352?
9914
In base 8, what is -64 + 1730073?
1730007
In base 8, what is -7361 - 1123?
-10504
In base 4, what is -12113330333131 - 3?
-12113330333200
In base 9, what is 12712562 - -4?
12712566
In base 10, what is 4764 - -48243?
53007
In base 6, what is 0 + 110321055?
110321055
In base 16, what is ef3 - -29b4?
38a7
In base 2, what is 11011000001100 + 11000101?
11011011010001
In base 9, what is 6 - -321018?
321025
In base 10, what is -5 - -19403763?
19403758
In base 4, what is -1003000 - 12132123?
-13201123
In base 15, what is 183 + -662b6?
-66133
In base 6, what is 0 - 351333140?
-351333140
In base 2, what is -10111000010110 + 1010110010101001?
111111010010011
In base 5, what is 43120312 + 342?
43121204
In base 8, what is 306563 - 30?
306533
In base 4, what is -123 - -1210033011?
1210032222
In base 2, what is -100100111100100011001 + 11110101?
-100100111100000100100
In base 2, what is -11010011001100010101 + 1000011?
-11010011001011010010
In base 14, what is 42547 + -15?
42532
In base 10, what is 36495 - -1954?
38449
In base 3, what is -102100112001121 + 122?
-102100112000222
In base 2, what is 1001110110010010000 - -101001?
1001110110010111001
In base 4, what is 133323100 + -130?
133322310
In base 7, what is -150005450 + -225?
-150006005
In base 11, what is 4 - -aaa239?
aaa242
In base 11, what is 22 + 799099?
799110
In base 16, what is -3 + 2978363?
2978360
In base 11, what is -1753119 - -29?
-17530a0
In base 9, what is -1346285 + 213?
-1346072
In base 10, what is -8 + 1845857?
1845849
In base 16, what is 17564 - -20a?
1776e
In base 12, what is -371610 + 2?
-37160a
In base 4, what is 110333300111322 - 10?
110333300111312
In base 9, what is 236122 - 3?
236118
In base 4, what is 20132033313 + 22?
20132100001
In base 9, what is -3 - 145883321?
-145883324
In base 8, what is -707 + -434634?
-435543
In base 7, what is -4 + 10624012?
10624005
In base 15, what is -188a + -e596?
-10e31
In base 3, what is 1221021 + -11111112201?
-11102121110
In base 3, what is 12121112021 - -11010000?
12202122021
In base 7, what is -240253101 - -20?
-240253051
In base 12, what is -2583 + 505?
-207a
In base 6, what is 143250341 + 4?
143250345
In base 7, what is -41542 - 21015?
-62560
In base 11, what is -99 - -8920?
8832
In base 5, what is -24233 - 10334120?
-10413403
In base 10, what is -168944 + 36?
-168908
In base 14, what is -101447 - 29?
-101472
In base 15, what is -5a6c8c + -4?
-5a6c91
In base 7, what is 24223064 + -4?
24223060
In base 4, what is -11200230 - 132302?
-11333132
In base 8, what is 40 - -3231?
3271
In base 16, what is f56f392 - -1?
f56f393
In base 4, what is -223 - -211020011?
211013122
In base 11, what is -5589 + 2804?
-2885
In base 16, what is -2154a + -d4?
-2161e
In base 5, what is -2 - -123112302331?
123112302324
In base 13, what is 3a + 66a28?
66a65
In base 6, what is -24 - 15145111?
-15145135
In base 16, what is 4 + -27617bc?
-27617b8
In base 10, what is -293396408 - 0?
-293396408
In base 10, what is -412 + 814697?
814285
In base 15, what is -1c + -4c97d?
-4c99a
In base 14, what is 54b + 7b003?
7b550
In base 16, what is 17b4 + 3db?
1b8f
In base 11, what is -500a7 - 91?
-50188
In base 9, what is 1 - -645132?
645133
In base 13, what is -3 + -480693?
-480696
In base 9, what is -453 + -505?
-1058
In base 7, what is -2246025655 + -1?
-2246025656
In base 4, what is 32001133 - 102010?
31233123
In base 16, what is 9 + -535e5?
-535dc
In base 4, what is 11 - 1133000312101?
-1133000312030
In base 10, what is 51372600 - 0?
51372600
In base 4, what is -23333031003 - -23?
-23333030320
In base 10, what is 0 - 18634162?
-18634162
In base 15, what is -89e09 + -21?
-89e2a
In base 4, what is -1113232213010 - 30?
-1113232213100
In base 8, what is -14336265 - -60?
-14336205
In base 3, what is 21111022210 - 121000?
21110201210
In base 5, what is 30234300 - -3222?
30243022
In base 7, what is -2 + -1052365255?
-1052365260
In base 4, what is 3002303133 + -22?
3002303111
In base 16, what is 60 + 5856?
58b6
In base 15, what is 1a2 + 7859?
7a0b
In base 9, what is 5304 - -583?
5887
In base 3, what is -10021211112 - 11000102?
-10102211221
In base 16, what is 1b8ee09 - 6?
1b8ee03
In base 8, what is 4330 - 26200?
-21650
In base 15, what is -89 + d27a4?
d271a
In base 16, what is 516 - 9db3?
-989d
In base 16, what is ce4a + ea7?
dcf1
In base 5, what is -101 + 30040442?
30040341
In base 15, what is -3 + -1606042?
-1606045
In base 4, what is -1112112 + -202301?
-1321013
In base 5, what is 214114 - -130230?
344344
In base 16, what is 1a341 - 803?
19b3e
In base 9, what is -657 + 216300?
215532
In base 3, what is 2 + 110212211221111?
110212211221120
In base 3, what is 10212220201010 - -2102?
10212220210112
In base 14, what is 2b6 + -8b401?
-8b129
In base 10, what is -1355906 - -219?
-1355687
In base 15, what is 0 + 548a08a?
548a08a
In base 14, what is -a346 - -86?
-a2a0
In base 7, what is 32 + 62636531?
62636563
In base 4, what is -3 + 13211312100?
13211312031
In base 11, what is -2651 - -6a44?
43a3
In base 12, what is -3 + 72a20904?
72a20901
In base 13, what is -b2729 + c1?
-b2638
In base 4, what is -10 + -30323133202?
-30323133212
In base 8, what is 4227705123 - -5?
4227705130
In base 11, what is -53a01 - 51?
-53a52
In base 5, what is 21201 - -33330?
110031
In base 3, what is 0 + 211112222